 7810 is divided by 36?
34
What is the remainder when 98 is divided by 52?
46
Calculate the remainder when 358 is divided by 33.
28
Calculate the remainder when 125 is divided by 104.
21
Calculate the remainder when 438 is divided by 38.
20
Calculate the remainder when 382 is divided by 144.
94
Calculate the remainder when 34 is divided by 12.
10
Calculate the remainder when 150 is divided by 51.
48
Calculate the remainder when 45 is divided by 23.
22
What is the remainder when 90 is divided by 57?
33
Calculate the remainder when 2175 is divided by 34.
33
Calculate the remainder when 911 is divided by 455.
1
Calculate the remainder when 324 is divided by 65.
64
Calculate the remainder when 284 is divided by 21.
11
Calculate the remainder when 1581 is divided by 266.
251
What is the remainder when 29 is divided by 28?
1
Calculate the remainder when 141 is divided by 64.
13
What is the remainder when 211 is divided by 41?
6
What is the remainder when 268 is divided by 137?
131
Calculate the remainder when 44 is divided by 12.
8
What is the remainder when 132 is divided by 52?
28
Calculate the remainder when 489 is divided by 49.
48
What is the remainder when 97 is divided by 20?
17
Calculate the remainder when 2330 is divided by 212.
210
Calculate the remainder when 2573 is divided by 78.
77
Calculate the remainder when 4423 is divided by 19.
15
What is the remainder when 2189 is divided by 16?
13
Calculate the remainder when 161 is divided by 42.
35
Calculate the remainder when 329 is divided by 84.
77
Calculate the remainder when 786 is divided by 53.
44
Calculate the remainder when 122 is divided by 2.
0
What is the remainder when 391 is divided by 99?
94
What is the remainder when 422 is divided by 143?
136
Calculate the remainder when 74 is divided by 16.
10
What is the remainder when 84 is divided by 77?
7
What is the remainder when 94 is divided by 16?
14
Calculate the remainder when 1274 is divided by 64.
58
What is the remainder when 208 is divided by 68?
4
What is the remainder when 771 is divided by 9?
6
What is the remainder when 539 is divided by 241?
57
Calculate the remainder when 333 is divided by 28.
25
Calculate the remainder when 966 is divided by 97.
93
Calculate the remainder when 618 is divided by 204.
6
What is the remainder when 656 is divided by 73?
72
What is the remainder when 7499 is divided by 14?
9
What is the remainder when 959 is divided by 60?
59
Calculate the remainder when 723 is divided by 29.
27
Calculate the remainder when 139 is divided by 25.
14
Calculate the remainder when 735 is divided by 239.
18
What is the remainder when 2841 is divided by 2827?
14
Calculate the remainder when 2607 is divided by 90.
87
Calculate the remainder when 651 is divided by 635.
16
What is the remainder when 100 is divided by 26?
22
What is the remainder when 1860 is divided by 49?
47
What is the remainder when 1909 is divided by 21?
19
Calculate the remainder when 82 is divided by 19.
6
Calculate the remainder when 561 is divided by 94.
91
What is the remainder when 5367 is divided by 88?
87
What is the remainder when 77 is divided by 62?
15
What is the remainder when 512 is divided by 248?
16
What is the remainder when 434 is divided by 46?
20
What is the remainder when 1109 is divided by 30?
29
What is the remainder when 1192 is divided by 133?
128
Calculate the remainder when 474 is divided by 120.
114
Calculate the remainder when 98 is divided by 20.
18
Calculate the remainder when 77 is divided by 26.
25
What is the remainder when 55 is divided by 18?
1
Calculate the remainder when 57 is divided by 21.
15
Calculate the remainder when 1526 is divided by 15.
11
Calculate the remainder when 502 is divided by 128.
118
What is the remainder when 3219 is divided by 179?
176
What is the remainder when 416 is divided by 88?
64
What is the remainder when 1196 is divided by 509?
178
What is the remainder when 656 is divided by 110?
106
What is the remainder when 275 is divided by 15?
5
Calculate the remainder when 2713 is divided by 138.
91
Calculate the remainder when 42 is divided by 19.
4
Calculate the remainder when 357 is divided by 13.
6
Calculate the remainder when 4200 is divided by 145.
140
What is the remainder when 267 is divided by 67?
66
Calculate the remainder when 1475 is divided by 59.
0
What is the remainder when 156 is divided by 40?
36
Calculate the remainder when 5118 is divided by 40.
38
Calculate the remainder when 273 is divided by 12.
9
What is the remainder when 401 is divided by 28?
9
Calculate the remainder when 823 is divided by 91.
4
What is the remainder when 211 is divided by 13?
3
What is the remainder when 2827 is divided by 14?
13
What is the remainder when 398 is divided by 104?
86
Calculate the remainder when 88 is divided by 14.
4
Calculate the remainder when 7 is divided by 5.
2
Calculate the remainder when 912 is divided by 504.
408
What is the remainder when 3590 is divided by 63?
62
What is the remainder when 99 is divided by 42?
15
Calculate the remainder when 56 is divided by 10.
6
Calculate the remainder when 94 is divided by 63.
31
Calculate the remainder when 8918 is divided by 5.
3
What is the remainder when 479 is divided by 122?
113
What is the remainder when 8133 is divided by 4061?
11
Calculate the remainder when 73 is divided by 38.
35
What is the remainder when 2985 is divided by 270?
15
What is the remainder when 988 is divided by 30?
28
What is the remainder when 1144 is divided by 31?
28
What is the remainder when 501 is divided by 91?
46
What is the remainder when 470 is divided by 23?
10
What is the remainder when 393 is divided by 9?
6
Calculate the remainder when 42 is divided by 10.
2
Calculate the remainder when 115 is divided by 40.
35
Calculate the remainder when 479 is divided by 76.
23
What is the remainder when 1323 is divided by 17?
14
What is the remainder when 53 is divided by 32?
21
What is the remainder when 1711 is divided by 843?
25
Calculate the remainder when 4605 is divided by 16.
13
Calculate the remainder when 281 is divided by 119.
43
Calculate the remainder when 29 is divided by 11.
7
Calculate the remainder when 1796 is divided by 31.
29
Calculate the remainder when 90 is divided by 22.
2
What is the remainder when 33024 is divided by 101?
98
What is the remainder when 621 is divided by 13?
10
What is the remainder when 1395 is divided by 27?
18
What is the remainder when 683 is divided by 57?
56
What is the remainder when 177 is divided by 9?
6
Calculate the remainder when 126 is divided by 24.
6
Calculate the remainder when 7148 is divided by 3574.
0
What is the remainder when 1277 is divided by 267?
209
What is the remainder when 44 is divided by 6?
2
Calculate the remainder when 9897 is divided by 11.
8
What is the remainder when 200 is divided by 113?
87
What is the remainder when 1453 is divided by 18?
13
Calculate the remainder when 1696 is divided by 71.
63
What is the remainder when 1157 is divided by 74?
47
Calculate the remainder when 3367 is divided by 254.
65
Calculate the remainder when 896 is divided by 111.
8
What is the remainder when 942 is divided by 191?
178
What is the remainder when 1899 is divided by 238?
233
What is the remainder when 451 is divided by 61?
24
What is the remainder when 2228 is divided by 1102?
24
What is the remainder when 112 is divided by 67?
45
Calculate the remainder when 43 is divided by 5.
3
Calculate the remainder when 1985 is divided by 986.
13
Calculate the remainder when 163 is divided by 142.
21
What is the remainder when 99 is divided by 50?
49
Calculate the remainder when 50 is divided by 11.
6
What is the remainder when 601 is divided by 154?
139
Calculate the remainder when 309 is divided by 107.
95
Calculate the remainder when 134 is divided by 45.
44
What is the remainder when 270 is divided by 17?
15
What is the remainder when 1007 is divided by 7?
6
Calculate the remainder when 1485 is divided by 719.
47
What is the remainder when 1275 is divided by 73?
34
Calculate the remainder when 214 is divided by 24.
22
Calculate the remainder when 266 is divided by 141.
125
What is the remainder when 44 is divided by 17?
10
Calculate the remainder when 1838 is divided by 102.
2
What is the remain